 40 - ((-1 - -1) + (1 - 3) + (-1264 - -1259)).
47
Calculate -60 + 72 + (2 - -5) - 31.
-12
What is (22 - (-12 - -6)) + 2458 + -2413?
73
Evaluate (-108 - (22 - 35)) + -32.
-127
Calculate 2 + 34 - (-418 - -416).
38
What is the value of -25 + 9 + 2 + -11 + (14 - 5 - 7)?
-23
What is the value of -32 - (4 + (-3 - 40 - -21))?
-14
Calculate (-16 - (-8 + 25 + (8 - 32))) + 4.
-5
What is 453 + -448 + (-2 - -13)?
16
What is the value of 20 + -22 + -4 + 0 + (573 - 564)?
3
What is (-14 - 1) + -2 + (37 - 52) - 7?
-39
Calculate (17 - -156 - 130) + -90.
-47
Calculate (-37 - -2) + (201 - 176) + -40.
-50
What is 66 + -53 + (41 - 112)?
-58
What is (34 - (83 + -19)) + 16 - 49?
-63
What is -32 + -51 + 30 + 66 + -153?
-140
What is 9 - ((28 - -85) + -26) - 45?
-123
Evaluate 74 + (-7 - ((1 - 10) + 21 + -33)).
88
Calculate 96 + -66 + -5 + (-3 - -27).
49
Calculate (-3 - (-2 + 13 + 2)) + -3435 + 3454.
3
What is the value of 134 + (32 - -5 - (8 - -64))?
99
20 - 1 - (178 - 184 - (3 + 0 + -10))
18
7 - (-24 + 1 - (-2 - 13) - -63)
-48
What is the value of 31 - 18 - (46 - -9)?
-42
Calculate 0 - 129 - (5 + (25 + -44 - (4 + -12))).
-123
Evaluate 1 + -3 + (-16 - 0) + (-8 - (10 - 19)).
-17
Calculate (0 - (-2 - -53)) + (-915 - -932).
-34
What is -11 + (-15 - ((-14 - 29) + 11)) - -67?
73
15 + (7 + 2 + (18 - -79) - 0)
121
What is the value of -31 + -79 + 10 + 28 + 22?
-50
What is 32 + 6 + (50 - 81) - -41?
48
4 + (29 - (-3 + 24) - (8 - 2))
6
139 - (-107 + (267 - 44))
23
Calculate (1 + 4 - -5) + (-3 - (34 + -1)).
-26
What is the value of -1 + (37 - (11 - 8)) - (2 + -3 + 8)?
26
Evaluate 54 + (-17 - (78 + -58)).
17
What is the value of 76 + -76 - -36 - -39?
75
Calculate (31 - 1) + -6 + 10 + -15 + -3 + 16.
32
Evaluate (-129 - -119) + (1 - 1 - (8 + -14 + 9)).
-13
What is the value of 1 - -2 - 25 - (-4697 - -4666)?
9
Calculate -5 + 36 + (-4 + 20 - 45) + 16.
18
-85 - (55 - 52 - 50)
-38
Evaluate 28 - ((-6 - 1) + (60 - 48)) - -11.
34
What is the value of -73 - 0 - (-846 + 825 - (-19 + 2))?
-69
What is the value of 2 + 0 + -51 + (-77 - -79 - (2 - -6))?
-55
Calculate -11 + (9 - (-70 - -24 - -18)).
26
Calculate 21 + -29 - -6 - 23.
-25
-17 + 12 + (13 - 22) - (-15 - -6)
-5
What is 4 - -48 - 3 - (104 + -94 + 3)?
36
What is 27 + -15 + -19 - (-56 - -14)?
35
Calculate (-7 + (27 - (-2 - -16)) - (9 + -2)) + 8.
7
What is -1059 + 1091 - (-1 + 95)?
-62
Evaluate 1052 + -1156 + -26 + -1.
-131
Calculate 4 + (41 - 48) + -41 + 1.
-43
What is the value of -58 - (69 + (-144 - -6))?
11
What is -26 + -61 + -20 + 22 - -20?
-65
Calculate -12 + (2 - -4) - ((-5 - (0 + -2)) + -34).
31
-86 + 0 + (-1207 - -1262)
-31
(-39 - -71 - 24) + 7 + -133 + -1
-119
What is the value of (-402 - -410) + (-4 - (0 - -2)) + -1 - -9?
10
What is the value of (1 - 57) + 346 + -274?
16
Evaluate -40 - 8 - (1 - 8).
-41
Calculate -53 + (-16 - -90) + -48.
-27
Calculate (-14 - -40) + 1 + -93 + -1 + 9.
-58
Evaluate (-58 - 19) + -5 + 60.
-22
What is the value of (-54 - (39 - 85)) + 1 + 17 + -82?
-72
What is -33 - (-9 - (-51 + 46 - (1 + -2)))?
-28
What is the value of (-7 - ((-6 - -8) + -22) - (7 + 0)) + 11?
17
What is the value of (-99 - -136 - -2) + 33?
72
What is 1 + -48 - (85 + -108 + 14) - (1 - 3)?
-36
What is the value of -16 + (31 - 10) + -19?
-14
What is the value of 2 + 16 + 1 + (18 - 22) + 56 + -62?
9
Calculate (-43 - -1) + (1323 - 1301).
-20
What is -5 + (-10 - -2 - (-3 - (-23 + 30)) - 36)?
-39
(-108 + 172 - 71) + 90
83
Evaluate -1 + -46 - (-19 - (-11 - (21 - (-10 + 12)))).
-58
Calculate (-87 + -10 + 28 + 0 - -16) + 0 + 1.
-52
-47 + (20 - 6) + 17 + -10
-26
Evaluate 61 + -1 + -8936 + 8968.
92
Evaluate 22 - (1 + -8) - 38.
-9
81 - 90 - (4 - -7) - -20
0
Calculate -69 + (35 - -46) - ((-2 - -95) + -7 + 3).
-77
Evaluate -2 + 9 + -25 - (-10 + -41).
33
What is the value of -2 + -8 + 1 + 0 - (4 + 34 - 95)?
48
What is the value of 0 - (-23 - (-6 - 15) - -19)?
-17
What is the value of (-10 - 13) + -779 + 871?
69
-27 - -13 - (1534 + -1569)
21
1 + -18 - (33 + (-18 - (21 + -9)))
-20
-3 - (-22 - (13 + (-10 - (-13 - -15))))
20
15 - (-42 + 69 - -26)
-38
Evaluate (12 - (14 - (-14 - -6)) - -20) + -49.
-39
Evaluate -42 + 2 - (-240 + 78 - -211).
-89
Evaluate 10 + -5 + (-66 - (-4 - -7)).
-64
Evaluate (-97 + -72 - 16) + 133.
-52
(-3 + -9 - -18 - 9) + 41
38
Calculate 51 - ((-123 - -137) + 4).
33
What is -56 - (-68 - 8 - -19)?
1
17 - (16 + -14 + -1 + 0)
16
What is the value of -1 + 8 + 0 - -2 - (-74 + -38 - -253)?
-132
Evaluate (1 - -25) + -147 + (-175 - -339).
43
What is the value of -11 - ((-16 - -12 - 10) + 17 + (3 - -44))?
-61
705 + -712 - (-50 - 3)
46
Evaluate (9 - (111 - -142)) + 126.
-118
Calculate 7 - ((4 - 11) + (144 - 36 - (9 - 13))).
-98
Evaluate 145 + -36 + -89 + 1 + -114.
-93
Calculate (-4 - 153) + (-217 - -280).
-94
(2 - 15) + (10 - 34 - -37 - 31)
-31
Calculate (-80 - -89) + 11 + 0 - 5.
15
What is the value of 710 + -689 - (-2 + -6)?
29
Calculate -17 + (29 - 9) + -39 - 7.
-43
What is 36 + -17 + -12 + -2 - (0 - 19 - -1)?
23
Evaluate (-13 - (-13 + 26 - (22 - 9))) + -29.
-42
What is (-8 - -59) + (-42 - -54)?
63
(-39 - (-84 + 43)) + -40
-38
What is the value of 10 + 42 + -35 + -74?
-57
Calculate -14 - (-73 + -10 + 12 + 3).
54
Evaluate (-3 - 14) + (-88 + -10 - -5) - 13.
-123
Calculate 23 - -1 - ((21 - 20) + 18).
5
What is 16 + -28 - ((5 + 0 - 2) + -414 + 368)?
31
What is the value of -5 + 2 - (-51 + 37 - -3)?
8
Calculate 126 - (-64 + 57 + 133).
0
Evaluate 6055 - 6152 - (0 - 50).
-47
What is the value of -29 + 5 + 88 + -176 + 67?
-45
Calculate 18 + 3 - (-1 - -31) - -46.
37
Calculate -34 + -44 + 88 + 72.
82
What is 9 + -29 + (9 + -12 - 3 - 4)?
-30
Calculate 114 + -132 - (2 - 0).
-20
What is the value of 16 + ((16 - 14) + 23 - 29)?
12
What is 70 - 122 - (-58 + -23)?
29
What is the value of 81 - (53 - 39) - 21?
46
Calculate 2 - -64 - (-5 + (-11 - (0 + -11))).
71
What is 141 - (-28 - (-37 + 3) - -8)?
127
Calculate 1 + 38 - (4228 - 4199).
10
13 - 0 - (20 + (-43 - -20) - 15)
31
What is 10 - (125 + (-7 - 13) - (4 - (7 - 12)))?
-86
(52 - ((10 - 4) + -9)) + (-17 - -17)
55
What is the value of -1 - -3 - ((-69 - 20) + 40)?
51
What is -7 + -1 - (13 + -32) - 15 - -4?
0
What is the value of (-64 - -71) + (-2 - 8) - -18?
15
What is 77 + 23 + -70 + -20?
10
Evaluate 4 + -47 - (9 - -2 - 18 - (-11 - 1)).
-48
What is the value of (0 - 61) + -39 + 5 + 76 + -31?
-50
What is -15 - ((-24 - 0) + 29) - -22 - (-12 + -1)?
15
Evaluate 109 - ((53 - 44) + -35 + 30).
105
-7 + (8 + 6 - 22) + (16 - -3) - 16
-12
What is -2 + 0 - -9 - (-89 - -111)?
-15
-108 + 36 - (-3 + 10) - (-48 + 55)
-86
Calculate 31 - ((20 - 3) + -25) - 19.
20
17 + 29 - 12 - -12
46
What is -12 + -88 - -2 - (-21 - 5)?
-72
What is (3 + -6 - 7) + (50 + -13 - 6)?
21
What is the value of 24 + -42 + (9 - -15) + -65?
-59
-24 - (-3 + 8 + (-41 - -27))
-15
Evaluate -12 + 33 + -23 - (4 - 45).
39
What is -56 + (20 - 28) - (-9 - (3 + 1))?
-51
30 - (-10 + (-1 - 23 - -37))
27
(56 - 106) + 169 - (34 - 2)
87
Evaluate (-31 - -8) + (2 + -11 + 10 - -8).
-14
What is the value of 53 + (-74 - -4) + -46?
-63
What is the value of -3 + 0 - (-2 - 83 - -71)?
11
What is the value of -95 - (-148 + 48 + -126)?
131
235 + -229 + (-2 - (-5 + 32 + -2)) + 7
-14
What is the value of (126 + 3 - (-8 + 60 + -40)) + (12 - 6)?
123
What is -40 + 10 + 41 + -26 - -19?
4
What is 24 + (-3 - (-22 - -5) - (10 - -2))?
26
Calculate -14 + (18 - (-15 + 13 - -8)) - 36.
-38
What is -3 - 44 - (-147 + 25)?
75
What is the value of -35 - (-30 + (-3 - -27) - -25)?
-54
-5 - -61 - (-12 + 91)
-23
What is 14 + (-4 + 8 + 8 + -7 - -7)?
26
What is the value of 19 + (33 - 2 - (-732 + 813))?
-31
6 + 11 + (25 - 50) - -10 - 30
-28
What is -48 + (34 - (52 + -10) - -9)?
-47
What is the value of 22 - (76 + -51) - (-3 + 0) - 37?
-37
-3 + -108 + -2 + 6 + -330 + 346
-91
Evaluate 61 + 35 + -113 + -72.
-89
-60 - -2 - ((-2 - -4) + -12 + (-705 - -704))
-47
What is the value of (8 - 2) + 3 - 20 - (-3 - 9 - 47)?
48
What is the value of 2 + -60 + (-10 - -47) + -95?
-116
Evaluate 36 - -11 - 96 - -52.
3
Calculate 106 + (-38 - -2 - ((33 - -9) + -60)).
88
What is 2 + 13 + (-2 - -44) + -44?
13
Calculate -5 + -2 + 0 - (284 - 326).
35
10 - (7 - ((8 + -5 - 3) + -31))
-28
26683 - 26795 - (0 - -1)
-113
(-12 - 1) + (1494 - 1496) - -113
98
Calculate -1020 - -1028 - (-7 - (-15 + 0)).
0
(-125 - 5 - -69) + 25
-36
C